3 - 19*m**2 - 19*m. Give f(-1).
-44
Let h(s) = -43*s + 2805. What is h(65)?
10
Let s(f) = f**2 - 231*f - 4161. Calculate s(-17).
55
Let p(c) = -13*c**2 + 285*c + 21. What is p(22)?
-1
Let f(v) = v**3 - 72*v**2 - 73*v + 76. Determine f(73).
76
Let r(u) = -u**2 + 34*u + 84. Determine r(41).
-203
Let d(b) = -b**2 - 2*b + 66. What is d(0)?
66
Let d(y) = y**2 + 245*y + 9641. Calculate d(-196).
37
Let o(x) = 222*x - 430. Calculate o(2).
14
Let m(c) = 27*c + 864. What is m(-32)?
0
Let m(f) = -3*f**3 + 29*f**2 + 29*f - 368. Give m(9).
55
Let t(x) = -x**3 - 5*x**2 + 24*x + 43. Calculate t(-8).
43
Let y(n) = -n**3 + 7*n**2 + 31*n - 22. What is y(10)?
-12
Let v(f) = 319*f - 324. Calculate v(1).
-5
Let z(l) = l**3 + 2*l**2 - 157*l - 77. Determine z(12).
55
Let z(i) = i**3 + 38*i**2 + 62*i + 931. What is z(-37)?
6
Let k(m) = m**2 - 30*m - 2662. Calculate k(-38).
-78
Let j(y) = -1944*y + 13598. Give j(7).
-10
Let l(k) = -k**2 + 16. Calculate l(-3).
7
Let m(s) = -24*s**3 + 3*s**2 + 46*s + 83. What is m(-2)?
195
Let m(i) = -52*i - 3165. Determine m(-61).
7
Let w(f) = 3*f**3 - 139*f**2 - 12*f - 3863. What is w(47)?
-9
Let p(y) = 4*y + 69. What is p(7)?
97
Let u(b) = 516*b + 52646. Give u(-102).
14
Let i(w) = -46*w - 196. Give i(-4).
-12
Let n(i) = -i**3 + 9*i**2 - 13*i - 29. Give n(7).
-22
Let z(y) = 39*y**2 + 11*y + 8. Give z(-1).
36
Let w(c) = -c**2 + 274*c + 7438. Determine w(-25).
-37
Let b(r) = 9*r + 165. Determine b(-20).
-15
Let w(t) = t**2 - 18*t - 43. Give w(18).
-43
Let o(m) = -3407*m - 17001. What is o(-5)?
34
Let o(c) = -7*c**3 - 16*c**2 + 24*c + 38. Determine o(-4).
134
Let v(n) = 304*n + 2157. Give v(-7).
29
Let x(n) = -16*n - 505. Calculate x(-45).
215
Let o(l) = -l**3 + 3*l**2 + 43*l - 201. What is o(-7)?
-12
Let t(m) = 120*m + 1926. Give t(-16).
6
Let c(d) = -44*d**2 - 5*d - 7. What is c(2)?
-193
Let q(i) = -i**3 - 2*i**2 + 36*i - 60. What is q(3)?
3
Let h(y) = -5*y**2 - 67*y + 631. Calculate h(-19).
99
Let o(c) = 116*c + 1949. What is o(-17)?
-23
Let d(t) = -t**2 + 10*t + 151. Determine d(18).
7
Let j(c) = c**2 + 36*c - 225. What is j(5)?
-20
Let i(l) = 3*l**3 - 23*l**2 + 55*l - 39. Give i(4).
5
Let z(b) = 3*b**2 + 48*b - 50. Calculate z(-18).
58
Let g(u) = -u**3 + 12*u**2 - 34*u - 10. What is g(8)?
-26
Let w(l) = 2*l**3 - 145*l**2 - 81*l + 581. Calculate w(73).
-3
Let v(z) = -4*z + 18. What is v(7)?
-10
Let t(q) = 2*q**3 + 6*q**2 + 85*q + 185. Calculate t(-2).
23
Let q(j) = -4*j**3 + 27*j**2 - j + 63. Give q(7).
7
Let u(y) = -36*y - 1038. Determine u(-29).
6
Let h(s) = 9816*s - 39252. Give h(4).
12
Let u(g) = -18*g + 10. Calculate u(-10).
190
Let c(r) = r**3 - 10*r**2 + 95*r - 1173. Give c(11).
-7
Let y(w) = -12*w**3 - 538*w**2 + 83*w - 314. Determine y(-45).
1
Let p(l) = -l**2 - 12*l - 33. Calculate p(-19).
-166
Let s(d) = 13*d - 1022. What is s(40)?
-502
Let o(a) = a**3 - 35*a**2 + 269*a + 372. Calculate o(22).
-2
Let y(d) = d**2 + 3*d - 138. Determine y(10).
-8
Let r(s) = -2*s**2 + 190*s - 1074. Calculate r(6).
-6
Let w(g) = -1210*g - 12125. What is w(-10)?
-25
Let c(x) = x**2 + 6*x + 15. Calculate c(-5).
10
Let i(y) = y**3 - 2*y**2 + 801*y - 2407. What is i(3)?
5
Let b(g) = g**3 + 14*g**2 + 12*g + 26. Give b(-14).
-142
Let b(r) = -r**3 + r**2 + 16*r - 14. Give b(-6).
142
Let o(d) = -3*d**3 + d**2 + 5*d - 138. What is o(0)?
-138
Let h(l) = 1766*l + 14154. Determine h(-8).
26
Let q(d) = -d**3 + 4*d**2 + 60*d - 268. What is q(6)?
20
Let z(y) = y**3 - 28*y**2 + 3*y - 66. Give z(28).
18
Let n(v) = v**3 - 19*v**2 + 78*v + 87. Calculate n(12).
15
Let t(z) = -z**3 - 71*z**2 + 6*z + 434. Determine t(-71).
8
Let c(p) = 25*p**2 - 1125*p - 8. Determine c(45).
-8
Let f(y) = 15*y - 58. Give f(4).
2
Let d(y) = -y**2 + 11*y + 58. What is d(-4)?
-2
Let i(u) = u**2 - 84*u + 75. Determine i(83).
-8
Let s(q) = -1128*q + 5652. What is s(5)?
12
Let k(p) = 2*p**2 + 237*p + 4811. Determine k(-26).
1
Let d(k) = k**3 - k**2 - 46*k + 127. What is d(6)?
31
Let l(d) = 2*d**2 + 22*d - 22. Give l(-14).
62
Let q(j) = -11*j + 67. Calculate q(-6).
133
Let g(j) = -39*j + 1093. Give g(31).
-116
Let g(v) = -3*v**3 - 14*v**2 - 11*v - 18. What is g(-4)?
-6
Let r(k) = 3*k**3 + 2*k**2 - 5*k + 4. Determine r(-3).
-44
Let f(a) = -618*a - 118. Give f(-2).
1118
Let t(m) = 14*m**2 + 113*m + 11. Give t(-8).
3
Let l(g) = 6*g - 1208. Determine l(71).
-782
Let i(w) = w**2 - 29*w - 295. Calculate i(-7).
-43
Let h(u) = u**2 - 173*u - 79840. Calculate h(382).
-2
Let i(b) = -10*b**2 + 9*b + 1. Calculate i(3).
-62
Let y(t) = -60*t**3 - 9*t**2 - 6*t + 4. Determine y(-1).
61
Let z(o) = o**3 - 19*o**2 + 29*o - 544. What is z(19)?
7
Let t(z) = 27*z + 618. What is t(-25)?
-57
Let a(s) = s**3 - 74*s**2 + 464*s + 31. Give a(7).
-4
Let a(x) = x - 15. Give a(6).
-9
Let r(w) = -43*w**2 - 44*w + 134. Calculate r(4).
-730
Let s(d) = -5*d**2 + 99*d + 402. Give s(23).
34
Let s(p) = -3*p**3 + 20*p**2 - 13*p. What is s(6)?
-6
Let g(b) = 47*b - 115. What is g(1)?
-68
Let d(o) = -o**3 + o**2 + 5*o - 9. Give d(4).
-37
Let i(v) = -173*v - 1963. What is i(-12)?
113
Let m(k) = k**2 - 245*k + 4293. Give m(19).
-1
Let p(o) = 94*o. What is p(0)?
0
Let v(l) = l**3 + 127*l + 50. Give v(0).
50
Let n(p) = -p**3 + 14*p**2 - 22*p - 19. Calculate n(12).
5
Let z(v) = v**2 + 25*v - 225. What is z(-31)?
-39
Let c(q) = 5*q**3 - 21*q**2 - 22*q + 2. What is c(-1)?
-2
Let y(d) = -d - 10. Calculate y(9).
-19
Let d(c) = -2613*c + 23520. Determine d(9).
3
Let f(n) = -91*n - 1034. Give f(-11).
-33
Let f(j) = -j**3 - 7*j**2 - j + 7. Calculate f(-6).
-23
Let k(l) = 24*l - 121. What is k(6)?
23
Let y(v) = 227*v + 734. Determine y(-3).
53
Let k(p) = 668*p + 9338. Calculate k(-14).
-14
Let i(l) = -32*l - 392. Calculate i(-13).
24
Let n(a) = a**3 + 42*a**2 - 291*a - 125. Determine n(-48).
19
Let k(p) = -107*p**2 - 40*p + 1. Determine k(-1).
-66
Let d(y) = -16*y + 155. Determine d(19).
-149
Let t(j) = -2*j**2 - 25*j + 49. What is t(11)?
-468
Let r(k) = -198*k - 834. Give r(-4).
-42
Let t(a) = a**2 + 2*a - 228. Give t(14).
-4
Let o(r) = -2*r + 56. Determine o(7).
42
Let n(l) = -l**2 - 19*l + 37. Determine n(-20).
17
Let z(m) = m**3 + 55*m**2 + 56*m - 2651. What is z(-53)?
-1
Let d(g) = -3*g**3 - 82*g**2 - 22*g + 142. Calculate d(-27).
7
Let d(v) = -19*v**2 - 612*v - 110. Give d(-32).
18
Let l(r) = -816*r + 2451. Give l(3).
3
Let z(j) = -1844*j - 9218. Determine z(-5).
2
Let i(s) = -714*s + 4289. What is i(6)?
5
Let m(q) = 2*q**3 - 41*q**2 - 575*q + 160. Determine m(30).
10
Let f(k) = -11*k - 208. Determine f(-22).
34
Let y(v) = -4*v**2 + 105*v + 185. Give y(28).
-11
Let x(q) = 902*q - 7199. Calculate x(8).
17
Let z(d) = -d**3 - 45*d**2 - 125*d + 36. Determine z(-42).
-6
Let b(x) = 2*x**2 + 242*x - 12880. Determine b(-161).
0
Let k(v) = -14*v**3 + 1458*v**2 - 208*v + 13. Determine k(104).
13
Let t(u) = 21*u + 68. Calculate t(7).
215
Let d(x) = -x**3 - 47*x**2 - 209*x + 59. Determine d(-42).
17
Let u(n) = -3*n**3 - 531*n**2 - n - 266. Give u(-177).
-89
Let h(b) = -b**2 - 40*b - 185. Calculate h(-33).
46
Let v(l) = 86*l - 32. What is v(-2)?
-204
Let u(z) = 10*z**2 - 216*z - 2. What is u(22)?
86
Let q(z) = -108*z + 1455. Calculate q(13).
51
Let r(d) = -121*d - 92. Give r(-1).
29
Let h(p) = 2*p**2 - 76*p + 609. Determine h(18).
-111
Let b(k) = 62*k + 3512. Determine b(-53).
226
Let j(i) = -151*i + 1178. Give j(7).
121
Let n(v) = 2*v**3 + 6*v**2 - 21*v - 4. Determine n(-5).
1
Let z(l) = 105*l**3 + 3*l**2 - 3*l - 6. Calculate z(-1).
-105
Let u(k) = 5*k**2 - 43*k + 46. What is u(1)?
8
Let v(i) = 2*i**3 + 59*i**2 + 14*i - 434. Calculate v(-29).
1
Let h(q) = -q**3 + 115*q**2 + 2243*q - 9. Determine h(-17).
8
Let u(c) = -11*c**3 + 57*c**2 - 8*c - 8. Give u(5).
2
Let r(v) = -500*v**2 - 362*v - 1. Give r(-1).
-139
Let v(i) = 5*i**2 - 89*i + 446. Calculate v(5).
126
Let f(r) = -3*r**3 - 30*r**2 - 5*r - 3. Give f(-10).
47
Let y(z) = 27*z + 858. What is y(-31)?
21
Let d(s) = 2*s**3 - 70*s**2 + 95*s - 27. What is d(34)?
891
Let s(h) = h**3 - 9*h**2 - 731*h + 6575. Determine s(9).
-4
Let d(f) = -54*f - 372. Give d(12).
-1020
Let v(q) = -1346*q - 4267. What is v(-3)?
-229
Let o(i) = -3*i**2 - 27*i - 38. Give o(-8).
-14
Let d(t) = 2*t**2 - 66*t - 34. Give d(12).
-538
Let r(s) = 1484*s + 30. Calculate r(0).
30
Let h(p) = -308*p + 2031. What is h(7)?
-125
Le